2. Let t = 422 - 420. Give q(t).
-22
Let a be ((-14)/3 + (-51)/(-306))/((-3)/(-8)). Let g(q) = -2*q + 5. Give g(a).
29
Let w = 18 - 16. Let k(n) be the third derivative of 0*n - 1/60*n**5 + 1/24*n**4 + 0*n**3 - 13*n**2 + 0. Give k(w).
-2
Let y(o) = o**2 - 1. Let d(a) be the second derivative of -2 + 24*a - 1/2*a**4 - 7/6*a**3 + 2*a**2. Let j(k) = -d(k) - 5*y(k). Determine j(-7).
1
Let l(t) = 94*t**2 + 9*t + 4. Let r(u) = -312*u**2 - 25*u - 13. Let s(n) = 10*l(n) + 3*r(n). Determine s(-3).
-8
Suppose 384 = 84*v + 36*v - 24*v. Let d(q) = -q**3 + 4*q**2 - 16*q. Give d(v).
-64
Let f(w) = 23*w + 27. Let c = 13589 + -13590. Give f(c).
4
Let n(k) = 7*k**2 - 15*k + 82. Let t(p) = -9*p**2 + 13*p - 84. Let c(z) = 4*n(z) + 3*t(z). Calculate c(16).
-4
Let g be ((-1)/2 - 1)*(-6)/3. Suppose -g*o - 3*d - 2*d = 18, d = -3. Let k(a) = 3*a - 2. What is k(o)?
-5
Let d(y) = -3*y**3 + 25*y**2 + 6*y + 22. Let f(t) = 4*t**3 - 36*t**2 - 8*t - 21. Let q(w) = -3*d(w) - 2*f(w). Calculate q(5).
16
Let w(x) = -x - 4. Suppose -3*k + 4*z + 32 = -7*k, -k = -2*z - 4. Give w(k).
0
Let x(f) = 2*f**3 - 12*f**2 - 51*f + 7. Let q be x(-3). Let r(k) = -k - 11. Determine r(q).
-9
Let n(s) = -2*s**2 - 4*s**2 - 5*s**2 - s. Let w(q) = -16*q**2 + 11*q + 11*q**2 - 5*q**2 - 19 + q**3. Let j be w(9). What is n(j)?
-10
Let b be ((-12)/(-21))/((-10)/(-1785)). Let d(y) = -3*y**2 + 6*y - 4. Let r be d(-5). Let c = b + r. Let o(m) = m. What is o(c)?
-7
Suppose 370*v - 366*v = 3*u + 55, -3*u + 2*v - 41 = 0. Let f(x) = 3*x + 19. Calculate f(u).
-8
Suppose 23*a - 894 + 687 = 0. Let b(g) be the second derivative of -g**5/20 + 2*g**4/3 + 3*g**3/2 - 5*g**2 + 3*g. Give b(a).
-10
Let p be (-24)/32*(-6)/9*0*-1. Let i(n) be the third derivative of 0*n + 1/3*n**3 + 12*n**2 + p - 1/12*n**4 - 1/60*n**5. What is i(-3)?
-1
Let k(t) = -3*t**2 + 82*t + 60. Let h be (-2262)/(-81) - (-268)/3618. Give k(h).
4
Let i(h) = 2*h**2 + 4*h + 1. Let v(s) be the first derivative of -5*s**3/3 - 9*s**2/2 - 2*s - 73. Let d(a) = 8*i(a) + 3*v(a). Give d(-6).
8
Let v(j) = 7*j + 171. Suppose 315 = -24*o - 285. What is v(o)?
-4
Let l(q) = -3*q**3 + 3*q**2. Suppose 2*h + 2*j = 26, -h - 3*j + 5 = 2*j. Let s be 2*2/(-12) + 185/h. Suppose 0 = -3*a - 6 + s. Determine l(a).
-12
Let b(j) be the first derivative of j**4/4 - 8*j**3/3 + 5*j**2 - 27. Let k be 0 - 28*2/(-8). Calculate b(k).
21
Let t(u) = -5*u**2 - 301*u + 3. Let f(m) = 9*m**2 + 554*m - 7. Let w(s) = -6*f(s) - 11*t(s). Determine w(6).
-33
Let r(k) = 3*k + 53. Let d be r(-16). Let i(z) = -2 + 16 - d + z - 3. What is i(7)?
13
Suppose -40*i + 45*i + 3*t = 17, 0 = -4*t + 16. Let g be ((-36)/4 - i)/(15/(-6)). Let n(c) = c**3 + c - 8*c - 3 - 2*c**2 + 2*c. What is n(g)?
9
Suppose -p + 5*v = -0*v - 127, -v + 97 = p. Let m be p/14 + 8/(-28). Suppose m*a - 17*a - 10 = 0. Let i(k) = -k - 2. What is i(a)?
-1
Let j(m) be the third derivative of -m**5/60 - 11*m**4/24 - 2*m**3/3 + 30*m**2. Let y be j(-7). Let x = y - 19. Let d(r) = r - 2. Calculate d(x).
3
Let l(b) = 7*b - 1. Let g be 7/(-91) + (-270)/39. Let w be g*((-3 - 65/(-35)) + 1). Calculate l(w).
6
Let s = -72 - -114. Let i = -45 + s. Let d(k) = k**3 + 3*k**2 - 2*k - 3. Calculate d(i).
3
Suppose 25*v - 454 = 46. Suppose -20 - v = -10*a. Let u(d) be the third derivative of -d**5/60 + 5*d**4/24 + d**3/2 + 3*d**2. What is u(a)?
7
Let i(x) = x**2 + 321*x**3 - 641*x**3 + 321*x**3. Let j(w) = -3*w**3 + 3*w**2 + 1. Let d(l) = 2*i(l) + j(l). Calculate d(4).
17
Let y = 55 + -52. Let b be y - (3/(-3))/1. Suppose b*s + 8 = -4*s. Let m(p) = 7*p + 1. Calculate m(s).
-6
Let o(n) = -3*n + 8*n - 6*n + 30 - 12*n - 12*n. What is o(1)?
5
Suppose -14*b + 34 + 8 = 0. Let h be (-33)/7 + 6/(-63)*b. Let n(u) = -u**2 - 4*u - 3. Calculate n(h).
-8
Let j(q) = -q**2 - 6050*q + 12114*q - 6057*q. Suppose -t - 14 = -2*p, -5*p + 35 = -3*t + 6*t. What is j(p)?
0
Let n(v) = -2*v**3 - 10*v**2 - 7*v + 6. Let u(h) = -3*h**3 - 12*h**2 - 8*h + 7. Let q(c) = -7*n(c) + 6*u(c). Let d = 174 - 173. Calculate q(d).
-5
Let u(i) = -10*i**3 + 31*i**2 - 36*i + 3. Let x(c) = 8*c**3 - 23*c**2 + 28*c - 2. Let n(k) = 7*u(k) + 9*x(k). Give n(-2).
27
Let w(q) = q**3 - q**2 + q - 3. Suppose -3*b = 2*b + 20, -2*h + 20 = -5*b. Suppose h = -18*g + 12*g. Calculate w(g).
-3
Let o(k) = -6*k**3 - 8*k**2 - 7*k + 24. Let g(y) = 7*y**3 + 9*y**2 + 8*y - 29. Let v(f) = -5*g(f) - 6*o(f). What is v(-2)?
1
Let g(q) be the third derivative of q**7/5040 - q**6/180 + q**5/60 - 29*q**3/3 + 124*q**2. Let k(y) be the third derivative of g(y). Determine k(-6).
-10
Let z(w) = -w**2 + 3*w + 1. Suppose -3*t - 205 = -613. Suppose -3*a = -t - 167. Let n = 104 - a. Determine z(n).
1
Let q(i) = i**3 - 55*i**2 + 101*i + 251. Let a be q(53). Let y(p) = p**3 + 15*p**2 + 9*p - 75. Determine y(a).
-5
Let s(y) = -y**3 - 8*y**2 - 5*y - 7. Let g(v) = -24*v - 305. Let u be g(-13). Suppose -u*j - 45 - 11 = 0. Determine s(j).
33
Let y = -746 - -634. Let k = 113 + y. Let q(n) = -13*n**2 + n - 1. What is q(k)?
-13
Let r(x) = 4*x**3 - 7*x**2 - 2*x + 2. Let l(j) = j**3 - 4*j**2 - 10*j + 27. Let a be l(5). Calculate r(a).
2
Suppose 3 - 35 = 4*g. Let p(a) be the first derivative of a**3/3 + 5*a**2 + 9*a + 8. Determine p(g).
-7
Let c(h) be the second derivative of h**4/12 + 7*h**3/6 - h**2/2 - 158*h - 1. Let u = -95 - -90. Calculate c(u).
-11
Suppose x + 3*m - 6 = 0, -2*x + 3*x - 9 = -4*m. Let g(h) = -h**2 + 17. Calculate g(x).
8
Let y(v) = -v**3 + 22*v**2 + 24*v - 20. Let l be y(23). Let o(h) = -4 + 6*h**2 + 11 + 5*h - 4*h**3 + 9*h**l - 4*h**3. Give o(-5).
7
Let a(f) = 21*f + 2. Let n be a(0). Let k(g) = -9*g + 2. Let w(p) = 9*p - 3. Let t(y) = -5*k(y) - 4*w(y). Calculate t(n).
20
Let v(t) = -t**2 - 4*t - 4. Let x(j) = 7*j**2 + 2*j + 1. Let h be x(2). Let d be 32/((-11)/(44/(-8))) + 5. Suppose 18*n + h + d = 0. Determine v(n).
-1
Let v(z) = 173*z**2 - 2*z - 3. Let u(l) = -55*l**2 + l + 1. Let i(o) = -3*u(o) - v(o). Determine i(1).
-9
Let g be (-6)/4*(-5)/(75/9370). Let d(q) = -g - 929 + 1854 - 6*q. Determine d(-4).
12
Let f(z) = -z**2 + z. Let n be f(-2). Let b(q) be the third derivative of q**6/120 + q**5/12 - q**4/6 + 11*q**3/6 - 3*q**2 + 2632*q. What is b(n)?
-1
Suppose 13 = -5*h + 6*h - 5*y, -3*h + 22 = 2*y. Suppose -h*g + 21 = -5*g. Let u(i) = 2*i**2 - 16*i + 7. Calculate u(g).
-7
Let l(g) = 6*g**3 - 6*g**2 - 4*g + 29. Let u(h) = -h**3 + h**2 - 2*h - 6. Let t(k) = -l(k) - 5*u(k). Determine t(-3).
-5
Let l(o) = 1642241*o**2 + 9*o + 1 - 14 - 1642234*o**2 - o**3. What is l(8)?
-5
Let o(k) = -k**2 - 25*k - 48. Let h be o(-27). Let x = 104 + h. Let t(a) = -7*a - 6 + 14*a + 2*a + 7*a**x - a**3. Calculate t(8).
2
Suppose 6*r + 82 = 136. Let p(m) = -3 - 4*m - 4*m + r*m - 1. Determine p(0).
-4
Suppose 12*j + 35*j = -2*j - 588. Let m(v) = 6*v + 51. Give m(j).
-21
Let d be 1 - (16 + -4 + -4 + 1). Let j be 1 - (-8 - d) - (-1 - -3). Let o(i) = 7*i**2 - i. Calculate o(j).
8
Suppose -2*j - 54 + 14 = 5*k, -80 = 4*j + 4*k. Let b(n) = -n**2 - 22*n - 8. Calculate b(j).
32
Let o(q) = -7*q**2 - 8*q - 17. Let j(b) = 16*b**2 + 20*b + 35. Let h(u) = 4*j(u) + 9*o(u). What is h(-10)?
7
Let x be 8/12 + (-60)/(-18). Let n(l) = 10*l + 3 + 0*l - 5*l - x*l - 2*l. What is n(-3)?
6
Let h(o) = 2*o**2 + 15*o. Let r(w) = -6*w - 1. Let g(b) = -h(b) - 2*r(b). What is g(-4)?
-18
Suppose 5*d - 16193 + 16178 = 0. Let y(t) = 3*t - 3. Give y(d).
6
Suppose -5*n + 26 = 4*p, 3*n + p + 0*p = 10. Let s(o) = 3*o**n - 15*o - o**3 - 19*o + 34*o. Let x be (-17)/(-6) - (-4)/24. Calculate s(x).
0
Let f(g) = -31*g - 627. Let y = -21743 + 21723. Give f(y).
-7
Let g(q) = 14*q - 8 - 58 - 40 + 8. Determine g(7).
0
Let r(t) = 3*t**2 + 5*t + 11. Suppose c - o = 3, 20 = 3*c + 5*o + 3. Let k(i) = -i**2 - i - 1. Let w(z) = c*k(z) + r(z). Calculate w(0).
7
Suppose 15 = 3*r - 27. Let y(u) = 46*u - 1602. Let b(j) = -5*j + 174. Let q(o) = -37*b(o) - 4*y(o). Determine q(r).
-16
Let s(k) be the first derivative of -14 + k - k**2 + 15/4*k**4 + 0*k**3. Let t = 12 - 11. Calculate s(t).
14
Let f(x) be the second derivative of 0 + 9/2*x**2 + 1/20*x**5 - 2/3*x**4 + 2*x + 2/3*x**3. Calculate f(7).
-12
Let y(i) = 15*i - 33. Let a be y(8). Let r = a - 83. Let p(g) = -r*g**2 + g**3 + 5*g**3 - 5*g**3 + 2*g + 2 - 1. What is p(4)?
9
Let a(r) = 3*r - 5*r + 6 + 3*r. Let h be ((-1488)/40)/(9/(-30)). Let v be